{"id":106,"date":"2024-04-13T08:26:01","date_gmt":"2024-04-13T11:26:01","guid":{"rendered":"https:\/\/goldenmassala.com.br\/loja\/?page_id=106"},"modified":"2024-04-13T08:26:26","modified_gmt":"2024-04-13T11:26:26","slug":"politicas-de-devolucao","status":"publish","type":"page","link":"https:\/\/goldenmassala.com.br\/loja\/politicas-de-devolucao\/","title":{"rendered":"Pol\u00edticas de Devolu\u00e7\u00e3o"},"content":{"rendered":"\t\t<div data-elementor-type=\"wp-page\" data-elementor-id=\"106\" class=\"elementor elementor-106\" data-elementor-post-type=\"page\">\n\t\t\t\t<div class=\"elementor-element elementor-element-5ed3c57 e-flex e-con-boxed e-con e-parent\" data-id=\"5ed3c57\" data-element_type=\"container\" data-core-v316-plus=\"true\">\n\t\t\t\t\t<div class=\"e-con-inner\">\n\t\t\t\t<div class=\"elementor-element elementor-element-6ae05a4 elementor-widget elementor-widget-text-editor\" data-id=\"6ae05a4\" data-element_type=\"widget\" data-widget_type=\"text-editor.default\">\n\t\t\t\t<div class=\"elementor-widget-container\">\n\t\t\t<style>\/*! elementor - v3.20.0 - 10-04-2024 *\/\n.elementor-widget-text-editor.elementor-drop-cap-view-stacked .elementor-drop-cap{background-color:#69727d;color:#fff}.elementor-widget-text-editor.elementor-drop-cap-view-framed .elementor-drop-cap{color:#69727d;border:3px solid;background-color:transparent}.elementor-widget-text-editor:not(.elementor-drop-cap-view-default) .elementor-drop-cap{margin-top:8px}.elementor-widget-text-editor:not(.elementor-drop-cap-view-default) .elementor-drop-cap-letter{width:1em;height:1em}.elementor-widget-text-editor .elementor-drop-cap{float:left;text-align:center;line-height:1;font-size:50px}.elementor-widget-text-editor .elementor-drop-cap-letter{display:inline-block}<\/style>\t\t\t\t<p><strong>Solicita\u00e7\u00e3o de troca ou devolu\u00e7\u00e3o<\/strong><\/p><p>Toda solicita\u00e7\u00e3o de devolu\u00e7\u00e3o deve ser comunicada via email de Atendimento para instru\u00e7\u00f5es detalhadas sobre o processo atrav\u00e9s do email licorgm@gmail.com.<\/p><p>Informe no email seu nome, telefone e endere\u00e7o, n\u00b0 do pedido e fotos do produto.<\/p><p><strong>Condi\u00e7\u00f5es para Troca, Devolu\u00e7\u00e3o ou Arrependimento da compra<\/strong><\/p><p>O prazo m\u00e1ximo \u00e9 de 7 dias ap\u00f3s o recebimento do produto.<\/p><p>A mercadoria dever\u00e1 retornar nas mesmas condi\u00e7\u00f5es em que foi entregue, ou seja: lacres intactos do fabricante e na embalagem original e com todos acess\u00f3rios que acompanham o produto. \u00c9 importante ressaltar que o produto dever\u00e1 ser devolvido em seguran\u00e7a (bem embalado).<\/p>\t\t\t\t\t\t<\/div>\n\t\t\t\t<\/div>\n\t\t\t\t\t<\/div>\n\t\t\t\t<\/div>\n\t\t\t\t<\/div>\n\t\t","protected":false},"excerpt":{"rendered":"<p>Solicita\u00e7\u00e3o de troca ou devolu\u00e7\u00e3o Toda solicita\u00e7\u00e3o de devolu\u00e7\u00e3o deve ser comunicada via email de Atendimento para instru\u00e7\u00f5es detalhadas sobre o processo atrav\u00e9s do email licorgm@gmail.com. Informe no email seu nome, telefone e endere\u00e7o, n\u00b0 do pedido e fotos do produto. Condi\u00e7\u00f5es para Troca, Devolu\u00e7\u00e3o ou Arrependimento da compra O prazo m\u00e1ximo \u00e9 de 7 [&hellip;]<\/p>\n","protected":false},"author":1,"featured_media":0,"parent":0,"menu_order":0,"comment_status":"closed","ping_status":"closed","template":"","meta":{"footnotes":""},"jetpack_sharing_enabled":true,"_links":{"self":[{"href":"https:\/\/goldenmassala.com.br\/loja\/wp-json\/wp\/v2\/pages\/106"}],"collection":[{"href":"https:\/\/goldenmassala.com.br\/loja\/wp-json\/wp\/v2\/pages"}],"about":[{"href":"https:\/\/goldenmassala.com.br\/loja\/wp-json\/wp\/v2\/types\/page"}],"author":[{"embeddable":true,"href":"https:\/\/goldenmassala.com.br\/loja\/wp-json\/wp\/v2\/users\/1"}],"replies":[{"embeddable":true,"href":"https:\/\/goldenmassala.com.br\/loja\/wp-json\/wp\/v2\/comments?post=106"}],"version-history":[{"count":4,"href":"https:\/\/goldenmassala.com.br\/loja\/wp-json\/wp\/v2\/pages\/106\/revisions"}],"predecessor-version":[{"id":110,"href":"https:\/\/goldenmassala.com.br\/loja\/wp-json\/wp\/v2\/pages\/106\/revisions\/110"}],"wp:attachment":[{"href":"https:\/\/goldenmassala.com.br\/loja\/wp-json\/wp\/v2\/media?parent=106"}],"curies":[{"name":"wp","href":"https:\/\/api.w.org\/{rel}","templated":true}]}}