{"id":111,"date":"2024-04-13T08:26:50","date_gmt":"2024-04-13T11:26:50","guid":{"rendered":"https:\/\/goldenmassala.com.br\/loja\/?page_id=111"},"modified":"2024-04-13T08:27:13","modified_gmt":"2024-04-13T11:27:13","slug":"politicas-de-privacidade","status":"publish","type":"page","link":"https:\/\/goldenmassala.com.br\/loja\/politicas-de-privacidade\/","title":{"rendered":"Pol\u00edticas de Privacidade"},"content":{"rendered":"\t\t<div data-elementor-type=\"wp-page\" data-elementor-id=\"111\" class=\"elementor elementor-111\" data-elementor-post-type=\"page\">\n\t\t\t\t<div class=\"elementor-element elementor-element-46e96c8 e-flex e-con-boxed e-con e-parent\" data-id=\"46e96c8\" data-element_type=\"container\" data-core-v316-plus=\"true\">\n\t\t\t\t\t<div class=\"e-con-inner\">\n\t\t\t\t<div class=\"elementor-element elementor-element-d3ddcf3 elementor-widget elementor-widget-text-editor\" data-id=\"d3ddcf3\" data-element_type=\"widget\" data-widget_type=\"text-editor.default\">\n\t\t\t\t<div class=\"elementor-widget-container\">\n\t\t\t<style>\/*! elementor - v3.20.0 - 10-04-2024 *\/\n.elementor-widget-text-editor.elementor-drop-cap-view-stacked .elementor-drop-cap{background-color:#69727d;color:#fff}.elementor-widget-text-editor.elementor-drop-cap-view-framed .elementor-drop-cap{color:#69727d;border:3px solid;background-color:transparent}.elementor-widget-text-editor:not(.elementor-drop-cap-view-default) .elementor-drop-cap{margin-top:8px}.elementor-widget-text-editor:not(.elementor-drop-cap-view-default) .elementor-drop-cap-letter{width:1em;height:1em}.elementor-widget-text-editor .elementor-drop-cap{float:left;text-align:center;line-height:1;font-size:50px}.elementor-widget-text-editor .elementor-drop-cap-letter{display:inline-block}<\/style>\t\t\t\t<header class=\"page-header\"><h1 class=\"entry-title\"><span style=\"font-size: 16px;\">Pol\u00edtica de privacidade Golden Massala<\/span><\/h1><\/header><div class=\"page-content\"><div class=\"elementor elementor-2315\" data-elementor-type=\"wp-page\" data-elementor-id=\"2315\" data-elementor-post-type=\"page\"><div class=\"elementor-element elementor-element-6b31c42 e-flex e-con-boxed e-con\" data-id=\"6b31c42\" data-element_type=\"container\" data-settings=\"{&quot;content_width&quot;:&quot;boxed&quot;}\"><div class=\"e-con-inner\"><div class=\"elementor-element elementor-element-eb599f0 elementor-widget elementor-widget-text-editor\" data-id=\"eb599f0\" data-element_type=\"widget\" data-widget_type=\"text-editor.default\"><div class=\"elementor-widget-container\"><p>A Golden Massala valoriza a privacidade e seguran\u00e7a dos dados pessoais de seus clientes. Por isso, adotamos medidas e procedimentos para garantir a prote\u00e7\u00e3o dessas informa\u00e7\u00f5es e cumprir com as obriga\u00e7\u00f5es estabelecidas pela Lei Geral de Prote\u00e7\u00e3o de Dados (LGPD).<\/p><p>Os dados pessoais dos clientes coletados pela Golden Massala s\u00e3o utilizados exclusivamente para fins de processamento de pedidos, entrega de produtos, gest\u00e3o de contas, comunica\u00e7\u00e3o com os clientes sobre suas compras e promo\u00e7\u00f5es, al\u00e9m de aprimorar a experi\u00eancia de navega\u00e7\u00e3o no site.<\/p><p>Os dados fornecidos pelos clientes s\u00e3o armazenados em servidores seguros e n\u00e3o s\u00e3o compartilhados com terceiros, exceto para fins de entrega de produtos ou cumprimento de obriga\u00e7\u00f5es legais. Al\u00e9m disso, os dados s\u00e3o mantidos apenas pelo tempo necess\u00e1rio para cumprir com as finalidades para as quais foram coletados.<\/p><p>A Golden Massala utiliza cookies para melhorar a experi\u00eancia do usu\u00e1rio e personalizar o conte\u00fado e publicidade oferecidos. Os cookies s\u00e3o pequenos arquivos de texto armazenados no dispositivo do usu\u00e1rio que permitem identificar o usu\u00e1rio em visitas futuras e armazenar suas prefer\u00eancias.<\/p><p>Os usu\u00e1rios podem desativar os cookies a qualquer momento atrav\u00e9s das configura\u00e7\u00f5es de seu navegador. No entanto, isso pode afetar a funcionalidade do site e prejudicar a experi\u00eancia de navega\u00e7\u00e3o.<\/p><p>Os clientes t\u00eam o direito de solicitar acesso, corre\u00e7\u00e3o ou exclus\u00e3o de seus dados pessoais armazenados pela Golden Massala, bem como de obter informa\u00e7\u00f5es sobre as finalidades do processamento desses dados. Para solicitar essas informa\u00e7\u00f5es, basta entrar em contato com nossa equipe de suporte ao cliente atrav\u00e9s do e-mail licorgm@gmail.com<\/p><p>A Golden Massala reserva-se o direito de modificar esta pol\u00edtica de privacidade a qualquer momento. Recomendamos que os clientes revisem periodicamente esta p\u00e1gina para se manterem atualizados sobre as mudan\u00e7as na pol\u00edtica.<\/p><\/div><\/div><\/div><\/div><\/div><\/div>\t\t\t\t\t\t<\/div>\n\t\t\t\t<\/div>\n\t\t\t\t\t<\/div>\n\t\t\t\t<\/div>\n\t\t\t\t<\/div>\n\t\t","protected":false},"excerpt":{"rendered":"<p>Pol\u00edtica de privacidade Golden Massala A Golden Massala valoriza a privacidade e seguran\u00e7a dos dados pessoais de seus clientes. Por isso, adotamos medidas e procedimentos para garantir a prote\u00e7\u00e3o dessas informa\u00e7\u00f5es e cumprir com as obriga\u00e7\u00f5es estabelecidas pela Lei Geral de Prote\u00e7\u00e3o de Dados (LGPD). Os dados pessoais dos clientes coletados pela Golden Massala s\u00e3o [&hellip;]<\/p>\n","protected":false},"author":1,"featured_media":0,"parent":0,"menu_order":0,"comment_status":"closed","ping_status":"closed","template":"","meta":{"footnotes":""},"jetpack_sharing_enabled":true,"_links":{"self":[{"href":"https:\/\/goldenmassala.com.br\/loja\/wp-json\/wp\/v2\/pages\/111"}],"collection":[{"href":"https:\/\/goldenmassala.com.br\/loja\/wp-json\/wp\/v2\/pages"}],"about":[{"href":"https:\/\/goldenmassala.com.br\/loja\/wp-json\/wp\/v2\/types\/page"}],"author":[{"embeddable":true,"href":"https:\/\/goldenmassala.com.br\/loja\/wp-json\/wp\/v2\/users\/1"}],"replies":[{"embeddable":true,"href":"https:\/\/goldenmassala.com.br\/loja\/wp-json\/wp\/v2\/comments?post=111"}],"version-history":[{"count":7,"href":"https:\/\/goldenmassala.com.br\/loja\/wp-json\/wp\/v2\/pages\/111\/revisions"}],"predecessor-version":[{"id":118,"href":"https:\/\/goldenmassala.com.br\/loja\/wp-json\/wp\/v2\/pages\/111\/revisions\/118"}],"wp:attachment":[{"href":"https:\/\/goldenmassala.com.br\/loja\/wp-json\/wp\/v2\/media?parent=111"}],"curies":[{"name":"wp","href":"https:\/\/api.w.org\/{rel}","templated":true}]}}